{"id":1868,"date":"2023-07-29T23:35:12","date_gmt":"2023-07-29T21:35:12","guid":{"rendered":"https:\/\/mon-kine.lu\/reabilitacao-geriatrica-ao-domicilio\/"},"modified":"2026-08-27T11:12:00","modified_gmt":"2026-08-27T09:12:00","slug":"reabilitacao-geriatrica-ao-domicilio","status":"publish","type":"page","link":"https:\/\/mon-kine.lu\/pt-pt\/reabilitacao-geriatrica-ao-domicilio\/","title":{"rendered":"Home Reabilita\u00e7\u00e3o Geri\u00e1trica"},"content":{"rendered":"<div class=\"fusion-fullwidth fullwidth-box fusion-builder-row-1 fusion-flex-container has-pattern-background has-mask-background fusion-parallax-none nonhundred-percent-fullwidth non-hundred-percent-height-scrolling\" style=\"--awb-border-radius-top-left:0px;--awb-border-radius-top-right:0px;--awb-border-radius-bottom-right:0px;--awb-border-radius-bottom-left:0px;--awb-padding-top:0px;--awb-padding-right:0px;--awb-padding-bottom:0px;--awb-padding-left:0px;--awb-margin-top:0px;--awb-margin-bottom:0px;--awb-background-image:linear-gradient(180deg, rgba(255,255,255,0) 50%,var(--awb-color4) 100%),url(https:\/\/mon-kine.lu\/wp-content\/uploads\/2024\/08\/reeducation-geriatrique-domicile-scaled.jpg);;--awb-background-size:cover;--awb-flex-wrap:wrap;\" data-preload-img=\"https:\/\/mon-kine.lu\/wp-content\/uploads\/2024\/08\/reeducation-geriatrique-domicile-scaled.jpg\" ><div class=\"fusion-builder-row fusion-row fusion-flex-align-items-stretch fusion-flex-content-wrap\" style=\"max-width:calc( 1140px + 0px );margin-left: calc(-0px \/ 2 );margin-right: calc(-0px \/ 2 );\"><div class=\"fusion-layout-column fusion_builder_column fusion-builder-column-0 fusion_builder_column_1_1 1_1 fusion-flex-column fusion-animated\" style=\"--awb-padding-bottom:5%;--awb-overflow:hidden;--awb-bg-color:hsla(var(--awb-color1-h),var(--awb-color1-s),var(--awb-color1-l),calc(var(--awb-color1-a) - 15%));--awb-bg-color-hover:hsla(var(--awb-color1-h),var(--awb-color1-s),var(--awb-color1-l),calc(var(--awb-color1-a) - 15%));--awb-bg-size:cover;--awb-box-shadow:0px 0px 23px 0px hsla(var(--awb-color8-h),var(--awb-color8-s),var(--awb-color8-l),calc(var(--awb-color8-a) - 75%));;--awb-border-color:var(--awb-color4);--awb-border-top:2px;--awb-border-right:2px;--awb-border-bottom:2px;--awb-border-left:2px;--awb-border-style:solid;--awb-border-radius:8px 8px 8px 8px;--awb-width-large:100%;--awb-margin-top-large:5%;--awb-spacing-right-large:calc( 0.05 * calc( 100% - 0px ) );--awb-margin-bottom-large:5%;--awb-spacing-left-large:calc( 0.05 * calc( 100% - 0px ) );--awb-width-medium:100%;--awb-order-medium:0;--awb-spacing-right-medium:calc( 0.05 * calc( 100% - 0px ) );--awb-spacing-left-medium:calc( 0.05 * calc( 100% - 0px ) );--awb-width-small:100%;--awb-order-small:0;--awb-spacing-right-small:0px;--awb-spacing-left-small:0px;\" data-animationType=\"fadeInUp\" data-animationDuration=\"1.0\" data-animationOffset=\"top-into-view\" data-scroll-devices=\"small-visibility,medium-visibility,large-visibility\"><div class=\"fusion-column-wrapper fusion-column-has-shadow fusion-flex-justify-content-center fusion-content-layout-column\"><div class=\"fusion-title title fusion-title-1 fusion-sep-none fusion-title-center fusion-title-text fusion-title-size-one\" style=\"--awb-text-color:var(--awb-color4);--awb-margin-top:2%;--awb-margin-right:2%;--awb-margin-bottom:2%;--awb-margin-left:2%;--awb-margin-top-small:0px;--awb-margin-right-small:0px;--awb-margin-bottom-small:0px;--awb-margin-left-small:0px;--awb-text-stroke-color:var(--awb-color1);--awb-font-size:var(--awb-typography1-font-size);\"><h1 class=\"fusion-title-heading title-heading-center fusion-responsive-typography-calculated\" style=\"font-family:var(--awb-typography1-font-family);font-weight:var(--awb-typography1-font-weight);font-style:var(--awb-typography1-font-style);margin:0;letter-spacing:var(--awb-typography1-letter-spacing);text-transform:var(--awb-typography1-text-transform);font-size:1em;--fontSize:65;line-height:var(--awb-typography1-line-height);text-shadow:2px 2px 3px var(--awb-color1);\">Home Reabilita\u00e7\u00e3o Geri\u00e1trica<\/h1><\/div><div class=\"fusion-builder-row fusion-builder-row-inner fusion-row fusion-flex-align-items-stretch fusion-flex-content-wrap\" style=\"--awb-flex-grow:0;--awb-flex-grow-medium:0;--awb-flex-grow-small:0;--awb-flex-shrink:0;--awb-flex-shrink-medium:0;--awb-flex-shrink-small:0;width:calc( 100% + 0px ) !important;max-width:calc( 100% + 0px ) !important;margin-left: calc(-0px \/ 2 );margin-right: calc(-0px \/ 2 );\"><div class=\"fusion-layout-column fusion_builder_column_inner fusion-builder-nested-column-0 fusion_builder_column_inner_1_1 1_1 fusion-flex-column\" style=\"--awb-padding-top:40px;--awb-padding-right:40px;--awb-padding-left:40px;--awb-bg-size:cover;--awb-width-large:100%;--awb-margin-top-large:0px;--awb-spacing-right-large:0px;--awb-margin-bottom-large:0px;--awb-spacing-left-large:0px;--awb-width-medium:100%;--awb-spacing-right-medium:0px;--awb-spacing-left-medium:0px;--awb-width-small:100%;--awb-spacing-right-small:0px;--awb-spacing-left-small:0px;\"><div class=\"fusion-column-wrapper fusion-column-has-shadow fusion-flex-justify-content-center fusion-content-layout-column\"><div class=\"fusion-text fusion-text-1\" style=\"--awb-font-size:18px;--awb-text-font-family:&quot;Poppins&quot;;--awb-text-font-style:normal;--awb-text-font-weight:400;\"><p style=\"text-align: justify;\">Na Mon Kin\u00e9, especializamo-nos na reabilita\u00e7\u00e3o geri\u00e1trica ao domic\u00edlio, um servi\u00e7o de fisioterapia concebido para melhorar a qualidade de vida das pessoas idosas nas suas pr\u00f3prias casas. Compreendemos que cada pessoa \u00e9 \u00fanica e que as necessidades de cada um variam, e \u00e9 por isso que os nossos fisioterapeutas se dedicam a oferecer um programa de reabilita\u00e7\u00e3o personalizado. <\/p>\n<p style=\"text-align: justify;\">A reabilita\u00e7\u00e3o geri\u00e1trica domicili\u00e1ria de Mon Kin\u00e9 oferece uma vasta gama de servi\u00e7os, centrados na melhoria da mobilidade, do equil\u00edbrio, da for\u00e7a muscular e da resist\u00eancia. O nosso objetivo \u00e9 ajudar os nossos pacientes a recuperar a sua independ\u00eancia e a prevenir quedas, melhorando simultaneamente o seu bem-estar geral. <\/p>\n<p style=\"text-align: justify;\">Ao optar pela reabilita\u00e7\u00e3o geri\u00e1trica ao domic\u00edlio de Mon Kin\u00e9, beneficia de cuidados de qualidade sem sair do conforto da sua casa. Os nossos fisioterapeutas experientes trabalhar\u00e3o contigo para estabelecer objectivos de reabilita\u00e7\u00e3o realistas e implementar um programa de exerc\u00edcios adaptado \u00e0s tuas capacidades. <\/p>\n<p style=\"text-align: justify;\">Na Mon Kin\u00e9, estamos determinados a oferecer-te uma reabilita\u00e7\u00e3o geri\u00e1trica em casa que respeite o ritmo de cada um. Os nossos especialistas dedicam-se a ajudar os nossos pacientes a sentirem-se mais fortes, mais confiantes e mais independentes no seu ambiente quotidiano. <\/p>\n<h3 style=\"text-align: center;\">Condi\u00e7\u00f5es geri\u00e1tricas que podem ser tratadas com fisioterapia em casa<\/h3>\n<p style=\"text-align: justify;\">A reabilita\u00e7\u00e3o geri\u00e1trica ao domic\u00edlio \u00e9 essencial para responder aos desafios espec\u00edficos das patologias relacionadas com a idade. Eis algumas das patologias geri\u00e1tricas que a Mon Kin\u00e9 pode ajudar a melhorar a qualidade de vida dos idosos: <\/p>\n<ul style=\"text-align: justify;\">\n<li><strong>Osteoartrite e osteoartrose<\/strong>: gerir a dor e melhorar a mobilidade das articula\u00e7\u00f5es atrav\u00e9s de exerc\u00edcios espec\u00edficos.<\/li>\n<li><strong>Osteoporose<\/strong>: preven\u00e7\u00e3o de fracturas e aumento da densidade \u00f3ssea com programas de exerc\u00edcio especialmente adaptados.<\/li>\n<li><strong>Dem\u00eancia e doen\u00e7a de Alzheimer<\/strong>: Apoio \u00e0 manuten\u00e7\u00e3o da fun\u00e7\u00e3o cognitiva e \u00e0 melhoria da atividade f\u00edsica para retardar a progress\u00e3o da doen\u00e7a.<\/li>\n<li><strong>Quedas e instabilidade<\/strong>: Programas de preven\u00e7\u00e3o de quedas concebidos para melhorar o equil\u00edbrio e a seguran\u00e7a ao caminhar.<\/li>\n<li><strong>Fraqueza muscular e sarcopenia<\/strong>: refor\u00e7o muscular para aumentar a for\u00e7a e a resist\u00eancia, essenciais para a independ\u00eancia.<\/li>\n<li><strong>Doen\u00e7as cardiovasculares<\/strong>: Programas de exerc\u00edcio para apoiar a sa\u00fade do cora\u00e7\u00e3o e melhorar a resist\u00eancia.<\/li>\n<li><strong>Limita\u00e7\u00f5es de mobilidade<\/strong>: Abordagens personalizadas para aumentar a mobilidade e a independ\u00eancia nas actividades di\u00e1rias.<\/li>\n<li>&#8230;<\/li>\n<\/ul>\n<p style=\"text-align: justify;\">Ao fornecer servi\u00e7os de fisioterapia ao domic\u00edlio, Mon Kin\u00e9 garante que os idosos possam receber cuidados personalizados adaptados \u00e0s suas necessidades espec\u00edficas, enquanto permanecem no conforto e seguran\u00e7a da sua pr\u00f3pria casa.<br \/>\nO nosso objetivo \u00e9 apoiar a independ\u00eancia dos pacientes, prevenir complica\u00e7\u00f5es relacionadas com a idade e melhorar o seu bem-estar geral. <\/p>\n<\/div><\/div><\/div><\/div><div style=\"text-align:center;\"><a class=\"fusion-button button-flat button-xlarge button-default fusion-button-default button-1 fusion-button-default-span fusion-button-default-type\" target=\"_self\" href=\"https:\/\/mon-kine.lu\/pt-pt\/contacto\/\"><span class=\"fusion-button-icon-divider button-icon-divider-left\"><i class=\"fa-envelope-open-text fas awb-button__icon awb-button__icon--default\" aria-hidden=\"true\"><\/i><\/span><span class=\"fusion-button-text awb-button__text awb-button__text--default fusion-button-text-left\">CONTACTE-NOS<\/span><\/a><\/div><div class=\"fusion-alert alert general alert-info fusion-alert-left awb-alert-native-link-color alert-dismissable awb-alert-close-boxed\" style=\"--awb-margin-top:5%;--awb-margin-right:5%;--awb-margin-left:5%;\" role=\"alert\"><div class=\"fusion-alert-content-wrapper\"><span class=\"alert-icon\"><i class=\"awb-icon-info-circle\" aria-hidden=\"true\"><\/i><\/span><span class=\"fusion-alert-content\"><p>As despesas de desloca\u00e7\u00e3o do fisioterapeuta podem ser reembolsadas sob a forma de um montante fixo, desde que :<\/p>\n<ul>\n<li>O m\u00e9dico indicar\u00e1 na receita que \u00e9 necess\u00e1rio, do ponto de vista m\u00e9dico, que o fisioterapeuta se desloque ao domic\u00edlio do segurado para efetuar o tratamento.<\/li>\n<li>A viagem tem lugar no territ\u00f3rio luxemburgu\u00eas. As desloca\u00e7\u00f5es para al\u00e9m da fronteira n\u00e3o est\u00e3o cobertas. <\/li>\n<\/ul>\n<p>Uma vez satisfeitas estas condi\u00e7\u00f5es, o custo da viagem \u00e9 reembolsado \u00e0 mesma taxa que a aplicada ao atestado m\u00e9dico emitido aquando da viagem.<\/p>\n<p style=\"text-align: center;\">Mais informa\u00e7\u00f5es no s\u00edtio <a href=\"https:\/\/cns.public.lu\/fr\/assure\/remboursements\/prestations-remboursees\/prestations-paramedicales\/kinesitherapeutes.html\">Web do CNS<\/a><\/p><\/span><\/div><button type=\"button\" class=\"close toggle-alert\" data-dismiss=\"alert\" aria-label=\"Close\">&times;<\/button><\/div><\/div><\/div><\/div><\/div>\n","protected":false},"excerpt":{"rendered":"","protected":false},"author":1,"featured_media":0,"parent":0,"menu_order":0,"comment_status":"closed","ping_status":"closed","template":"100-width.php","meta":{"_seopress_titles_title":"Reabilita\u00e7\u00e3o Geri\u00e1trica ao domic\u00edlio: Os melhores cuidados ao domic\u00edlio","_seopress_titles_desc":"O objetivo de Mon Kin\u00e9 \u00e9 oferecer um servi\u00e7o de reabilita\u00e7\u00e3o geri\u00e1trica da melhor qualidade ao domic\u00edlio para uma maior independ\u00eancia!","_seopress_robots_index":"","_seopress_robots_follow":"","_seopress_robots_imageindex":"","_seopress_robots_snippet":"","_seopress_robots_primary_cat":"","_seopress_robots_breadcrumbs":"","_seopress_robots_freeze_modified_date":"","_seopress_robots_custom_modified_date":"","_seopress_robots_canonical":"","_seopress_social_fb_title":"","_seopress_social_fb_desc":"","_seopress_social_fb_img":"","_seopress_social_fb_img_attachment_id":0,"_seopress_social_fb_img_width":0,"_seopress_social_fb_img_height":0,"_seopress_social_twitter_title":"","_seopress_social_twitter_desc":"","_seopress_social_twitter_img":"","_seopress_social_twitter_img_attachment_id":0,"_seopress_social_twitter_img_width":0,"_seopress_social_twitter_img_height":0,"_seopress_redirections_value":"","_seopress_redirections_enabled":"","_seopress_redirections_enabled_regex":"","_seopress_redirections_logged_status":"ambos","_seopress_redirections_param":"","_seopress_redirections_type":301,"_seopress_analysis_target_kw":"Home Reabilita\u00e7\u00e3o Geri\u00e1trica","_seopress_news_disabled":"","_seopress_video_disabled":"","_seopress_video":[],"_seopress_pro_schemas_manual":[],"_seopress_pro_rich_snippets_disable_all":"","_seopress_pro_rich_snippets_disable":[],"_seopress_pro_schemas":[],"footnotes":""},"class_list":["post-1868","page","type-page","status-publish","hentry"],"_links":{"self":[{"href":"https:\/\/mon-kine.lu\/pt-pt\/wp-json\/wp\/v2\/pages\/1868","targetHints":{"allow":["GET"]}}],"collection":[{"href":"https:\/\/mon-kine.lu\/pt-pt\/wp-json\/wp\/v2\/pages"}],"about":[{"href":"https:\/\/mon-kine.lu\/pt-pt\/wp-json\/wp\/v2\/types\/page"}],"author":[{"embeddable":true,"href":"https:\/\/mon-kine.lu\/pt-pt\/wp-json\/wp\/v2\/users\/1"}],"replies":[{"embeddable":true,"href":"https:\/\/mon-kine.lu\/pt-pt\/wp-json\/wp\/v2\/comments?post=1868"}],"version-history":[{"count":0,"href":"https:\/\/mon-kine.lu\/pt-pt\/wp-json\/wp\/v2\/pages\/1868\/revisions"}],"wp:attachment":[{"href":"https:\/\/mon-kine.lu\/pt-pt\/wp-json\/wp\/v2\/media?parent=1868"}],"curies":[{"name":"wp","href":"https:\/\/api.w.org\/{rel}","templated":true}]}}

Home Reabilitação Geriátrica

<div class="fusion-fullwidth fullwidth-box fusion-builder-row-1 fusion-flex-container has-pattern-background has-mask-background fusion-parallax-none nonhundred-percent-fullwidth non-hundred-percent-height-scrolling" style="--awb-border-radius-top-left:0px;--awb-border-radius-top-right:0px;--awb-border-radius-bottom-right:0px;--awb-border-radius-bottom-left:0px;--awb-padding-top:0px;--awb-padding-right:0px;--awb-padding-bottom:0px;--awb-padding-left:0px;--awb-margin-top:0px;--awb-margin-bottom:0px;--awb-background-image:linear-gradient(180deg, rgba(255,255,255,0) 50%,var(--awb-color4) 100%),url(https://mon-kine.lu/wp-content/uploads/2024/08/reeducation-geriatrique-domicile-scaled.jpg);;--awb-background-size:cover;--awb-flex-wrap:wrap;" data-preload-img="https://mon-kine.lu/wp-content/uploads/2024/08/reeducation-geriatrique-domicile-scaled.jpg" ><div class="fusion-builder-row fusion-row fusion-flex-align-items-stretch fusion-flex-content-wrap" style="max-width:calc( 1140px + 0px );margin-left: calc(-0px / 2 );margin-right: calc(-0px / 2 );"><div class="fusion-layout-column fusion_builder_column fusion-builder-column-0 fusion_builder_column_1_1 1_1 fusion-flex-column fusion-animated" style="--awb-padding-bottom:5%;--awb-overflow:hidden;--awb-bg-color:hsla(var(--awb-color1-h),var(--awb-color1-s),var(--awb-color1-l),calc(var(--awb-color1-a) - 15%));--awb-bg-color-hover:hsla(var(--awb-color1-h),var(--awb-color1-s),var(--awb-color1-l),calc(var(--awb-color1-a) - 15%));--awb-bg-size:cover;--awb-box-shadow:0px 0px 23px 0px hsla(var(--awb-color8-h),var(--awb-color8-s),var(--awb-color8-l),calc(var(--awb-color8-a) - 75%));;--awb-border-color:var(--awb-color4);--awb-border-top:2px;--awb-border-right:2px;--awb-border-bottom:2px;--awb-border-left:2px;--awb-border-style:solid;--awb-border-radius:8px 8px 8px 8px;--awb-width-large:100%;--awb-margin-top-large:5%;--awb-spacing-right-large:calc( 0.05 * calc( 100% - 0px ) );--awb-margin-bottom-large:5%;--awb-spacing-left-large:calc( 0.05 * calc( 100% - 0px ) );--awb-width-medium:100%;--awb-order-medium:0;--awb-spacing-right-medium:calc( 0.05 * calc( 100% - 0px ) );--awb-spacing-left-medium:calc( 0.05 * calc( 100% - 0px ) );--awb-width-small:100%;--awb-order-small:0;--awb-spacing-right-small:0px;--awb-spacing-left-small:0px;" data-animationType="fadeInUp" data-animationDuration="1.0" data-animationOffset="top-into-view" data-scroll-devices="small-visibility,medium-visibility,large-visibility"><div class="fusion-column-wrapper fusion-column-has-shadow fusion-flex-justify-content-center fusion-content-layout-column"><div class="fusion-title title fusion-title-1 fusion-sep-none fusion-title-center fusion-title-text fusion-title-size-one" style="--awb-text-color:var(--awb-color4);--awb-margin-top:2%;--awb-margin-right:2%;--awb-margin-bottom:2%;--awb-margin-left:2%;--awb-margin-top-small:0px;--awb-margin-right-small:0px;--awb-margin-bottom-small:0px;--awb-margin-left-small:0px;--awb-text-stroke-color:var(--awb-color1);--awb-font-size:var(--awb-typography1-font-size);"><h1 class="fusion-title-heading title-heading-center fusion-responsive-typography-calculated" style="font-family:var(--awb-typography1-font-family);font-weight:var(--awb-typography1-font-weight);font-style:var(--awb-typography1-font-style);margin:0;letter-spacing:var(--awb-typography1-letter-spacing);text-transform:var(--awb-typography1-text-transform);font-size:1em;--fontSize:65;line-height:var(--awb-typography1-line-height);text-shadow:2px 2px 3px var(--awb-color1);">Home Reabilitação Geriátrica</h1></div><div class="fusion-builder-row fusion-builder-row-inner fusion-row fusion-flex-align-items-stretch fusion-flex-content-wrap" style="--awb-flex-grow:0;--awb-flex-grow-medium:0;--awb-flex-grow-small:0;--awb-flex-shrink:0;--awb-flex-shrink-medium:0;--awb-flex-shrink-small:0;width:calc( 100% + 0px ) !important;max-width:calc( 100% + 0px ) !important;margin-left: calc(-0px / 2 );margin-right: calc(-0px / 2 );"><div class="fusion-layout-column fusion_builder_column_inner fusion-builder-nested-column-0 fusion_builder_column_inner_1_1 1_1 fusion-flex-column" style="--awb-padding-top:40px;--awb-padding-right:40px;--awb-padding-left:40px;--awb-bg-size:cover;--awb-width-large:100%;--awb-margin-top-large:0px;--awb-spacing-right-large:0px;--awb-margin-bottom-large:0px;--awb-spacing-left-large:0px;--awb-width-medium:100%;--awb-spacing-right-medium:0px;--awb-spacing-left-medium:0px;--awb-width-small:100%;--awb-spacing-right-small:0px;--awb-spacing-left-small:0px;"><div class="fusion-column-wrapper fusion-column-has-shadow fusion-flex-justify-content-center fusion-content-layout-column"><div class="fusion-text fusion-text-1" style="--awb-font-size:18px;--awb-text-font-family:&quot;Poppins&quot;;--awb-text-font-style:normal;--awb-text-font-weight:400;"><p style="text-align: justify;">Na Mon Kiné, especializamo-nos na reabilitação geriátrica ao domicílio, um serviço de fisioterapia concebido para melhorar a qualidade de vida das pessoas idosas nas suas próprias casas. Compreendemos que cada pessoa é única e que as necessidades de cada um variam, e é por isso que os nossos fisioterapeutas se dedicam a oferecer um programa de reabilitação personalizado. </p>
<p style="text-align: justify;">A reabilitação geriátrica domiciliária de Mon Kiné oferece uma vasta gama de serviços, centrados na melhoria da mobilidade, do equilíbrio, da força muscular e da resistência. O nosso objetivo é ajudar os nossos pacientes a recuperar a sua independência e a prevenir quedas, melhorando simultaneamente o seu bem-estar geral. </p>
<p style="text-align: justify;">Ao optar pela reabilitação geriátrica ao domicílio de Mon Kiné, beneficia de cuidados de qualidade sem sair do conforto da sua casa. Os nossos fisioterapeutas experientes trabalharão contigo para estabelecer objectivos de reabilitação realistas e implementar um programa de exercícios adaptado às tuas capacidades. </p>
<p style="text-align: justify;">Na Mon Kiné, estamos determinados a oferecer-te uma reabilitação geriátrica em casa que respeite o ritmo de cada um. Os nossos especialistas dedicam-se a ajudar os nossos pacientes a sentirem-se mais fortes, mais confiantes e mais independentes no seu ambiente quotidiano. </p>
<h3 style="text-align: center;">Condições geriátricas que podem ser tratadas com fisioterapia em casa</h3>
<p style="text-align: justify;">A reabilitação geriátrica ao domicílio é essencial para responder aos desafios específicos das patologias relacionadas com a idade. Eis algumas das patologias geriátricas que a Mon Kiné pode ajudar a melhorar a qualidade de vida dos idosos: </p>
<ul style="text-align: justify;">
<li><strong>Osteoartrite e osteoartrose</strong>: gerir a dor e melhorar a mobilidade das articulações através de exercícios específicos.</li>
<li><strong>Osteoporose</strong>: prevenção de fracturas e aumento da densidade óssea com programas de exercício especialmente adaptados.</li>
<li><strong>Demência e doença de Alzheimer</strong>: Apoio à manutenção da função cognitiva e à melhoria da atividade física para retardar a progressão da doença.</li>
<li><strong>Quedas e instabilidade</strong>: Programas de prevenção de quedas concebidos para melhorar o equilíbrio e a segurança ao caminhar.</li>
<li><strong>Fraqueza muscular e sarcopenia</strong>: reforço muscular para aumentar a força e a resistência, essenciais para a independência.</li>
<li><strong>Doenças cardiovasculares</strong>: Programas de exercício para apoiar a saúde do coração e melhorar a resistência.</li>
<li><strong>Limitações de mobilidade</strong>: Abordagens personalizadas para aumentar a mobilidade e a independência nas actividades diárias.</li>
<li>&#8230;</li>
</ul>
<p style="text-align: justify;">Ao fornecer serviços de fisioterapia ao domicílio, Mon Kiné garante que os idosos possam receber cuidados personalizados adaptados às suas necessidades específicas, enquanto permanecem no conforto e segurança da sua própria casa.<br />
O nosso objetivo é apoiar a independência dos pacientes, prevenir complicações relacionadas com a idade e melhorar o seu bem-estar geral. </p>
</div></div></div></div><div style="text-align:center;"><a class="fusion-button button-flat button-xlarge button-default fusion-button-default button-1 fusion-button-default-span fusion-button-default-type" target="_self" href="https://mon-kine.lu/pt-pt/contacto/"><span class="fusion-button-icon-divider button-icon-divider-left"><i class="fa-envelope-open-text fas awb-button__icon awb-button__icon--default" aria-hidden="true"></i></span><span class="fusion-button-text awb-button__text awb-button__text--default fusion-button-text-left">CONTACTE-NOS</span></a></div><div class="fusion-alert alert general alert-info fusion-alert-left awb-alert-native-link-color alert-dismissable awb-alert-close-boxed" style="--awb-margin-top:5%;--awb-margin-right:5%;--awb-margin-left:5%;" role="alert"><div class="fusion-alert-content-wrapper"><span class="alert-icon"><i class="awb-icon-info-circle" aria-hidden="true"></i></span><span class="fusion-alert-content"><p>As despesas de deslocação do fisioterapeuta podem ser reembolsadas sob a forma de um montante fixo, desde que :</p>
<ul>
<li>O médico indicará na receita que é necessário, do ponto de vista médico, que o fisioterapeuta se desloque ao domicílio do segurado para efetuar o tratamento.</li>
<li>A viagem tem lugar no território luxemburguês. As deslocações para além da fronteira não estão cobertas. </li>
</ul>
<p>Uma vez satisfeitas estas condições, o custo da viagem é reembolsado à mesma taxa que a aplicada ao atestado médico emitido aquando da viagem.</p>
<p style="text-align: center;">Mais informações no sítio <a href="https://cns.public.lu/fr/assure/remboursements/prestations-remboursees/prestations-paramedicales/kinesitherapeutes.html">Web do CNS</a></p></span></div><button type="button" class="close toggle-alert" data-dismiss="alert" aria-label="Close">&times;</button></div></div></div></div></div>

Reabilitação Geriátrica ao domicílio: Os melhores cuidados ao domicílio

O objetivo de Mon Kiné é oferecer um serviço de reabilitação geriátrica da melhor qualidade ao domicílio para uma maior independência!
